pose -3*n - 2*u + 17 = 0, -2*n - u = -4*u + 6. What is the greatest common divisor of 8 and n?
1
Let v = 363 - 311. What is the highest common factor of v and 442?
26
Suppose -497 = -4*h - 101. Let r = -27 + h. Let n be 4 + 2 + 2 - 0. Calculate the highest common factor of r and n.
8
Suppose 2*z - 5*v - 110 = -0*v, 168 = 4*z + 3*v. Let u be -2 - 7*(-2 + -69). What is the highest common factor of z and u?
45
Let y = 71 - 71. Let p be (-6)/((-30)/1015) - y. What is the highest common divisor of 29 and p?
29
Suppose 4*y - 57 = -3*z, -3*z + 107 = -2*y + 32. Calculate the highest common factor of 5 and z.
1
Let v(o) = -6*o + 2. Let i be v(6). Let y = i + 62. Suppose 31*l = y*l + 30. Calculate the greatest common factor of l and 90.
10
Let v(d) = -d**3 - 8*d**2 + 47*d - 9. Let q be v(-12). Let k be (-2)/(-8) + (-694)/(-8). Suppose -q - k = -x. Calculate the highest common divisor of x and 10.
10
Let g(z) = -15*z + 66. Let y be g(-4). Calculate the highest common factor of y and 14.
14
Let m = 59 - -95. Let j = -4 - 3. Let f = j + 21. What is the greatest common divisor of m and f?
14
Let a(v) = -4*v**3 + 15*v**2 + 76*v - 3. Let h be a(-3). Let g be (0 - 1)/(1/(-12)). What is the greatest common divisor of h and g?
12
Let q(p) = p**2 + 3*p + 36. Let h be q(-7). Calculate the greatest common divisor of 56 and h.
8
Let p(o) = -o**3 + 107. Let x be p(0). Suppose x + 5 = 2*w. Let j = -587 + 601. Calculate the highest common factor of w and j.
14
Let g(w) = w**2 + 10*w + 26. Let i(b) = 1. Let n(s) = g(s) - 3*i(s). Let k be n(-7). What is the highest common divisor of k and 46?
2
Suppose -398 = -21*i + 547. Suppose 0 = -r + d + 2*d + 15, -3*r + 5*d = -65. Calculate the greatest common divisor of r and i.
15
Suppose 3*x - 2690 = -x - 5*v, -x = v - 673. Calculate the greatest common factor of 25 and x.
25
Suppose -s = -5*s + 12. Suppose 0 = -x + s*k + 201, 2*x + 225 = 3*x + 5*k. Suppose -8*p + x = -6*p. Calculate the highest common divisor of 21 and p.
21
Let y be ((-80)/(-12) - 3)*21. Let m = y + -65. What is the highest common factor of m and 2?
2
Let z = -11 + 29. Let g be 14/6 + 4/(-12). Suppose 5*p - 2*o = 3*o + 140, 5*p - g*o - 137 = 0. What is the highest common factor of p and z?
9
Suppose 3*y + 4 = -5*l + 32, 10 = -5*y + 3*l. Let b be y/3 - (-1436)/12. Let w = b + -84. Calculate the greatest common factor of w and 9.
9
Let x(o) = -o**3 + o - 22. Let c be x(0). Let r be 752/2*(-11)/c. Suppose 0 = 3*h - r - 73. Calculate the greatest common factor of 58 and h.
29
Let o(d) = -2*d**2 - 9*d + 7. Let y be o(-5). Suppose -3*u + 57 = 5*x - 346, 0 = -2*x - y. What is the highest common divisor of u and 17?
17
Let m = -81 - -67. Suppose 0 = -3*w + 118 + 20. Let d = m + w. Calculate the highest common factor of d and 8.
8
Let z = -7 - 24. Let a be (1 + 4)*(4 - z). What is the highest common factor of 25 and a?
25
Let h = -298 + 306. What is the greatest common factor of h and 10?
2
Let w be (-3)/(3/(-434)) - 288/(-96). Calculate the highest common divisor of 23 and w.
23
Let b be 129 - 6/30*5. What is the greatest common divisor of 1536 and b?
128
Suppose 5*m + z - 40 = 0, 4*m + 4*z = 41 + 7. Let k = -35 + m. Let f = -13 - k. Calculate the highest common factor of f and 6.
3
Let f(y) = 5*y**2 - 21*y - 59. Let w be f(-6). Calculate the greatest common factor of w and 52.
13
Let b(y) = -4*y - 94. Let a be b(-24). Let x be ((-1)/a)/((-260)/256 - -1). Calculate the greatest common divisor of x and 8.
8
Suppose h + 26 - 239 = 0. What is the highest common divisor of h and 3?
3
Suppose -x + p + 431 = 5*p, 4*p = -4*x + 1712. Suppose -8*z - 75 = -x. Calculate the highest common factor of 33 and z.
11
Let g be 599*1 - (11 + -14). Suppose 413 = 5*h - g. Calculate the greatest common divisor of h and 29.
29
Suppose -10 - 54 = 4*n. Let u(p) = p**2 + 14*p - 13. Let q be u(n). Calculate the greatest common divisor of 19 and q.
19
Suppose -1896 + 440 = -26*l. What is the greatest common divisor of l and 182?
14
Let k(z) = -z**2 + 15*z - 23. Let m be k(3). Calculate the highest common divisor of m and 559.
13
Let b be (14 - -74)/(1 + 0). Let r(s) = 2*s**2 - 4*s + 2. Let c be r(3). Calculate the greatest common divisor of c and b.
8
Suppose -m = -0*m - 5*x + 32, 5*m + 72 = 3*x. Let u(k) = -k**3 - 13*k**2 - 14*k - 14. Let h be u(m). What is the greatest common divisor of h and 20?
10
Let m(i) = 113*i. Let w be m(1). Suppose 0*p + 5*z = p - w, -3*p - z = -259. What is the highest common factor of p and 8?
8
Suppose 30 = -9*u + 4*u. Let k be u/(-27) + 22/(-18). Let v be (-215)/(-15) - k/(-3). Calculate the greatest common factor of 28 and v.
14
Suppose -1428 = -35*d + 14*d. What is the greatest common factor of d and 102?
34
Let s(d) = -d + 7. Let y be s(0). Let u(g) = -6*g + 3. Let q(k) = -k + 1. Let l(w) = -q(w) - u(w). Let n be l(y). What is the highest common divisor of n and 9?
9
Let f = 8 + -16. Let a = 16 + f. Suppose -5*g - 23 = 2*q, -9 = -q + g - 3. Calculate the highest common divisor of q and a.
1
Let m = -808 - -837. What is the greatest common divisor of m and 551?
29
Let q(b) = -3*b - 11. Let s be q(-6). Suppose 2*z - 4*o = 216, 0 = -z - 2*o + 46 + 70. Let g be (4 + -1)*z/6. What is the highest common factor of g and s?
7
Let n = 29 - 26. Let u be 6 + n/(-3)*2. What is the greatest common divisor of u and 10?
2
Let m(o) = -13*o**3 + 14*o**3 + 4*o**2 + o + 4*o**2 + 2*o**2. Let q be m(-7). What is the greatest common factor of q and 20?
20
Suppose 5*u = -5*c + 1425, -28 = c + 3*u - 319. What is the greatest common divisor of 329 and c?
47
Let v(k) = -k**2 + 39*k + 229. Let w be v(-5). Calculate the highest common divisor of w and 8.
1
Suppose -5*h = 3*q - 992, 8*q + 4 = 9*q. Calculate the highest common divisor of h and 56.
28
Let c(x) = -x**3 - 2*x**2 - 2*x + 2. Let b be c(-2). Suppose b = 8*v - 2. Calculate the greatest common divisor of 1 and v.
1
Let j be 9 - (0/1 + 1). Let z be ((-4)/6)/(14/(-21)) - 137. Let w = z + 208. What is the greatest common divisor of w and j?
8
Suppose -q + 2*n + 0 + 2 = 0, 10 = 2*q - 2*n. Let j be q - 5/((-5)/2). Calculate the highest common factor of j and 4.
2
Let s = 1912 + -1808. Let i(y) = -y + 13. Let q be i(0). What is the highest common divisor of s and q?
13
Let f(q) = q**2 + 14*q + 12. Let k(l) = -5*l**2 + 3*l. Let x be k(2). Let s be f(x). Let w = -9 - -21. Calculate the highest common divisor of s and w.
12
Let f(n) = -7*n**2 - 75*n + 19. Let b be f(-10). What is the highest common divisor of b and 299?
23
Let d(q) = 4*q**2 + 6*q - 6. Let y be d(-6). Let a(w) = 6*w + 56. Let p be a(-21). Let c = y + p. Calculate the highest common divisor of 16 and c.
16
Let q be (-3081)/273 + -2 + (-16)/(-7). Let z = 30 + -13. Let p = q + z. What is the highest common divisor of p and 12?
6
Let q = 32 + 13. Suppose 0*l - 20 = -4*l. What is the greatest common divisor of l and q?
5
Let z be 82/8 + 1/(-4). Suppose 2 + 8 = 5*h. Let r be (84/(-70))/(((-4)/25)/h). What is the highest common factor of r and z?
5
Let d = -1 - -41. Let c be (-8)/(-12)*(d + -4). Calculate the highest common divisor of c and 24.
24
Let m be 2/(-3)*(0 + (-21)/2). What is the highest common divisor of m and 91?
7
Let x(z) = 8*z**2 + 16*z - 38. Let r be x(8). Calculate the greatest common factor of r and 98.
14
Suppose 3*w - 2*w = -12. Let i = 15 + w. Let a be i/(-12) + 114/8. What is the highest common divisor of a and 112?
14
Let c(w) = -w**3 + 5*w**2 + 8*w - 1. Let m be c(6). Let u(v) = v**2 + v + 11. Let b be u(0). What is the greatest common divisor of m and b?
11
Let d be (17955/(-684))/((-2)/((-32)/(-3))). What is the highest common factor of 440 and d?
20
Let d = -39 - -54. Let i = d - 0. Calculate the highest common factor of 75 and i.
15
Suppose 0 = -b - 3*s + 34, 46 + 67 = 5*b - 4*s. Calculate the greatest common factor of 65 and b.
5
Let n(z) = 3*z - 15. Let f be n(13). Suppose -f*y - 60 = -30*y. Calculate the greatest common factor of y and 110.
10
Let d(t) = -t**2 + 9*t - 5. Let g be d(8). Suppose 3*r - 3*p - 6 = 0, -2*p = -r + g*p - 14. What is the highest common factor of r and 3?
3
Suppose 1815 = 5*c - 4*h - h, -3*c = 2*h - 1089. Suppose -3*y + c = -b, 4*y = b - 173 + 657. Calculate the highest common divisor of y and 11.
11
Let p(n) = 9*n. Let x b